?
11, 109, 361421
What are the prime factors of 5533124083?
19, 291217057
What are the prime factors of 90670347?
3, 23, 16223
What are the prime factors of 125878132?
2, 17, 83, 22303
What are the prime factors of 9171535061?
13, 67, 1453, 7247
What are the prime factors of 278334581?
7, 659, 60337
What are the prime factors of 4515701?
131, 34471
What are the prime factors of 9758420?
2, 5, 7, 43, 1621
List the prime factors of 1742120432.
2, 13, 37, 226367
What are the prime factors of 3024569862?
2, 3, 43, 1302571
List the prime factors of 148406953.
4817, 30809
List the prime factors of 817898543.
7, 11, 17, 89261
What are the prime factors of 38182351?
38182351
What are the prime factors of 115470557?
23, 1303, 3853
List the prime factors of 147096169.
11, 83, 367, 439
What are the prime factors of 3052044587?
4057, 752291
List the prime factors of 509262709.
37, 61, 225637
What are the prime factors of 66708479?
66708479
What are the prime factors of 614482462?
2, 11, 27931021
What are the prime factors of 1659881405?
5, 7, 13, 1907, 1913
List the prime factors of 811755159.
3, 163, 1033, 1607
List the prime factors of 736908657.
3, 31, 7923749
What are the prime factors of 1798725020?
2, 5, 149, 4051
List the prime factors of 859593112.
2, 7, 15349877
List the prime factors of 212229336.
2, 3, 11, 37, 21727
List the prime factors of 3616911110.
2, 5, 71, 5094241
What are the prime factors of 200601658?
2, 19, 5278991
List the prime factors of 219996620.
2, 5, 401, 27431
What are the prime factors of 58636785?
3, 5, 479, 8161
What are the prime factors of 4322933110?
2, 5, 37, 11683603
What are the prime factors of 399084550?
2, 5, 19, 199, 2111
List the prime factors of 383247665.
5, 37, 1021, 2029
List the prime factors of 347013874.
2, 271, 640247
List the prime factors of 7080909770.
2, 5, 11, 1993, 32299
What are the prime factors of 1214212691?
257, 907, 5209
What are the prime factors of 47019427?
7, 13, 53, 9749
List the prime factors of 138117148.
2, 13, 2656099
What are the prime factors of 949022369?
949022369
List the prime factors of 39641157.
3, 31, 15787
What are the prime factors of 4923564904?
2, 409, 1504757
What are the prime factors of 61171304?
2, 17, 97, 4637
What are the prime factors of 1480240135?
5, 11, 26913457
What are the prime factors of 25783175?
5, 11, 29, 53, 61
List the prime factors of 808161904.
2, 11, 137, 277
List the prime factors of 3739780845.
3, 5, 83106241
What are the prime factors of 953933955?
3, 5, 13, 4891969
What are the prime factors of 938275565?
5, 187655113
What are the prime factors of 511886703?
3, 479, 356219
List the prime factors of 70908701.
23, 167, 18461
List the prime factors of 952807426.
2, 277, 1719869
What are the prime factors of 8798807?
89, 109, 907
List the prime factors of 69360539.
71, 976909
List the prime factors of 402358980.
2, 3, 5, 163, 41141
What are the prime factors of 275786070?
2, 3, 5, 7, 17, 67, 1153
List the prime factors of 78625694.
2, 7, 541, 1483
List the prime factors of 167574794.
2, 19, 257, 17159
List the prime factors of 364776755.
5, 7, 193, 54001
List the prime factors of 499840045.
5, 433, 230873
List the prime factors of 90150930.
2, 3, 5, 983, 1019
What are the prime factors of 22783423?
13, 811, 2161
What are the prime factors of 158353300?
2, 5, 7, 17, 1901
What are the prime factors of 4309799709?
3, 1621, 886243
List the prime factors of 38209586.
2, 241, 79273
List the prime factors of 3405355017.
3, 17, 66771667
What are the prime factors of 899887581?
3, 23, 593, 7331
What are the prime factors of 179801020?
2, 5, 7, 1284293
List the prime factors of 151251322.
2, 353, 214237
List the prime factors of 382500911.
13, 2263319
What are the prime factors of 2586371?
179, 14449
What are the prime factors of 250408508?
2, 7, 59, 151579
List the prime factors of 1627530601.
439, 3707359
What are the prime factors of 57213968?
2, 7, 72977
What are the prime factors of 263223239?
41, 6420079
List the prime factors of 368852699.
368852699
What are the prime factors of 256661640?
2, 3, 5, 41, 17389
List the prime factors of 2268220533.
3, 756073511
What are the prime factors of 343134432?
2, 3, 1191439
What are the prime factors of 5121416?
2, 89, 7193
List the prime factors of 469381767.
3, 6709, 23321
What are the prime factors of 135419488?
2, 4231859
What are the prime factors of 383914442?
2, 37, 193, 26881
What are the prime factors of 161594375?
5, 258551
List the prime factors of 34840437.
3, 1049, 11071
What are the prime factors of 1679557658?
2, 23, 36512123
What are the prime factors of 3910306?
2, 17, 47, 2447
List the prime factors of 34411550.
2, 5, 31, 149
List the prime factors of 698895891.
3, 17, 103, 14783
What are the prime factors of 282930442?
2, 79, 487, 3677
List the prime factors of 3506032510.
2, 5, 350603251
List the prime factors of 65701539.
3, 7300171
What are the prime factors of 16112795?
5, 41, 53, 1483
List the prime factors of 72015623.
617, 116719
List the prime factors of 106415048.
2, 19, 700099
What are the prime factors of 56985669?
3, 13, 487057
What are the prime factors of 643347320?
2, 5, 7, 11, 17, 1117
What are the prime factors of 414869963?
67, 907, 6827
List the prime factors of 1130968454.
2, 7, 11, 7343951
What are the prime factors of 1071453651?
3, 31, 11521007
What are the prime factors of 913464401?
29009, 31489
List the prime factors of 65088804.
2, 3, 11, 23, 1949
List the prime factors of 411177807.
3, 41, 1114303
List the prime factors of 3297217475.
5, 131888699
What are the prime factors of 251220671?
13, 19324667
List the prime factors of 473517304.
2, 13, 1697, 2683
List the prime factors of 3046988386.
2, 13, 117191861
What are the prime factors of 229761866?
2, 89, 163, 7919
List the prime factors of 11100197.
641, 17317
List the prime factors of 5864255.
5, 19, 61729
What are the prime factors of 410813802?
2, 3, 7, 1086809
List the prime factors of 1028464482.
2, 3, 4093, 41879
What are the prime factors of 1136112282?
2, 3, 127, 163, 3049
List the prime factors of 1113701941.
11, 109, 928859
List the prime factors of 38477338.
2, 19238669
List the prime factors of 3108178101.
3, 7, 148008481
What are the prime factors of 78108852?
2, 3, 2309, 2819
What are the prime factors of 3679384590?
2, 3, 5, 7, 5840293
List the prime factors of 1420799375.
5, 2273279
What are the prime factors of 5219241871?
31, 131, 617, 2083
List the prime factors of 614287216.
2, 38392951
List the prime factors of 39353895.
3, 5, 7, 17, 7349
What are the prime factors of 7850857692?
2, 3, 2579, 253679
What are the prime factors of 422878941?
3, 83, 188701
List the prime factors of 278674619.
1307, 213217
List the prime factors of 272230529.
41, 6639769
List the prime factors of 88195320.
2, 3, 5, 17, 14411
What are the prime factors of 4377124?
2, 797, 1373
What are the prime factors of 2040999805?
5, 13, 151, 207947
What are the prime factors of 59052764?
2, 17, 868423
List the prime factors of 545408998.
2, 257, 1061107
List the prime factors of 22931126.
2, 43, 266641
List the prime factors of 3281179893.
3, 1973, 554347
List the prime factors of 283326877.
283326877
What are the prime factors of 1266047?
1266047
List the prime factors of 3937918752.
2, 3, 13673329
What are the prime factors of 46187495?
5, 137, 67427
List the prime factors of 4261524057.
3, 7, 67643239
List the prime factors of 121210306.
2, 7, 17, 509287
List the prime factors of 316092011.
43, 1117, 6581
What are the prime factors of 31697792?
2, 7, 17, 2081
List the prime factors of 714938959.
7, 181, 80611
What are the prime factors of 17721313?
17721313
List the prime factors of 60893109.
3, 6765901
What are the prime factors of 597662202?
2, 3, 97, 1026911
What are the prime factors of 5825551996?
2, 11, 132398909
What are the prime factors of 139011147?
3, 11, 89, 1753
List the prime factors of 354354905.
5, 23, 3081347
What are the prime factors of 669211276?
2, 59, 67, 42323
What are the prime factors of 289905237?
3, 3579077
What are the prime factors of 180275945?
5, 3709, 9721
List the prime factors of 339873076.
2, 251, 503, 673
What are the prime factors of 78950395?
5, 241, 65519
List the prime factors of 252